{"id":10,"date":"2020-09-24T14:29:14","date_gmt":"2020-09-24T11:29:14","guid":{"rendered":"http:\/\/uudet.suojarvenera.fi\/?page_id=10"},"modified":"2024-04-17T15:51:15","modified_gmt":"2024-04-17T12:51:15","slug":"blogi","status":"publish","type":"page","link":"https:\/\/uudet.suojarvenera.fi\/?page_id=10","title":{"rendered":"Ajankohtaista"},"content":{"rendered":"\n<h2 class=\"wp-block-heading\">J\u00e4sentiedote 1\/2024<\/h2>\n\n\n\n<p><strong>Vuosikokouksen p\u00e4\u00e4t\u00f6ksi\u00e4<\/strong><\/p>\n\n\n\n<ul>\n<li>Puheenjohtajana jatkaa Eero Kukkonen ja sihteerin\u00e4 Jani F\u00f6hr.<\/li>\n\n\n\n<li> Johtokunta: Eero Kukkonen, Pentti Tuovinen, Ky\u00f6sti Korhonen, Timo Kukkonen ja Jani F\u00f6hr.<\/li>\n\n\n\n<li> Piirikokousedustajana ovat Kalervo Korhonen ja Aki Takkunen.<\/li>\n\n\n\n<li> Hirviporukan johtajana Timo Kukkonen varalla Ky\u00f6sti Korhonen ja Eero Kukkonen.<\/li>\n\n\n\n<li> Suurpetoyhdyshenkil\u00f6 Ky\u00f6sti Korhonen, puh 044 988 4756<\/li>\n\n\n\n<li> MAKSUT. J\u00c4SENMAKSUT LASKUTETAAN METS\u00c4ST\u00c4J\u00c4LIITON KAUTTA\n<ul>\n<li>\u00a0 Liittymismaksu uusilta j\u00e4senilt\u00e4 450\u20ac.<\/li>\n\n\n\n<li>\u00a0  J\u00e4senmaksu 40\u20ac. Alle 15 vuotias saa mets\u00e4st\u00e4\u00e4 huoltajansa mukana ilman maksua.<\/li>\n\n\n\n<li>\u00a0  Vieraslupa 100\u20ac \/kausi ja 30\u20ac\/vrk.<\/li>\n\n\n\n<li>\u00a0  Majavan kausilupa 20 \u20ac\/kausi. Ei edellyt\u00e4 seuran j\u00e4sent\u00e4 paikalle.<\/li>\n\n\n\n<li>\u00a0  Vieraslupien maksut tilille FI27 5390 0020 0030 80<\/li>\n<\/ul>\n<\/li>\n\n\n\n<li> Ei uusia j\u00e4seni\u00e4.<\/li>\n\n\n\n<li> Kes\u00e4kokous pidet\u00e4\u00e4n 3.8.2024 klo 9.00 Rasimajalla.<\/li>\n\n\n\n<li>Talvikokous pidet\u00e4\u00e4n 8.2.2025 klo 9.00 Koppelomajalla Marjom\u00e4ess\u00e4.<\/li>\n\n\n\n<li>Riistapeltotalkoot 8.6.2024 l\u00e4ht\u00f6 Rasimajalta klo 9.00.<\/li>\n\n\n\n<li>Hirviporukkaan liittymiset on ilmoitettava Timo Kukkoselle viimeist\u00e4\u00e4n kes\u00e4kokouksessa ja uudelta hirviporukan j\u00e4senelt\u00e4 perit\u00e4\u00e4n 150\u20ac kalusto- \/hankintamaksu.<\/li>\n\n\n\n<li>Pienpetokilpailua jatketaan, palkitsemiset kes\u00e4kokouksessa.<\/li>\n\n\n\n<li>Pienpetokilpailun saaliit ilmoitettava viimeist\u00e4\u00e4n 31.7. menness\u00e4 sihteerille.<\/li>\n\n\n\n<li> Nuolukivi\u00e4 riistalle saa Pentti Tuoviselta.<\/li>\n\n\n\n<li> Oma Riista \u2013palvelussa on nyt k\u00e4yt\u00f6ss\u00e4 seuran mets\u00e4stysalueen kartat ja siell\u00e4 n\u00e4kyy nyt pienriista-alueet ja hirvialueet erikseen. Lis\u00e4tietoa Oma Riistasta Timo Kukkoselta puh 050 538 6549.\u00a0<a href=\"https:\/\/oma.riista.fi\/#\/login\" target=\"_blank\" rel=\"noreferrer noopener\">https:\/\/oma.riista.fi\/#\/login<\/a><\/li>\n\n\n\n<li> Osoitteen muutokset ilmoitettava sihteerille:\u00a0 Jan F\u00f6hr puh 040 412 9574\u00a0<a href=\"mailto:jani.fohr@hotmail.fi\">jani.fohr@hotmail.fi<\/a><\/li>\n\n\n\n<li> S\u00e4hk\u00f6postiosoitteen voi ilmoittaa sihteerille:\u00a0<a href=\"mailto:jani.fohr@hotmail.fi\">jani.fohr@hotmail.fi<\/a>. J\u00e4senmaksulasku on mahdollista pyyt\u00e4\u00e4 s\u00e4hk\u00f6postilla.<\/li>\n<\/ul>\n\n\n\n<p><strong>HYV\u00c4\u00c4 RIISTAVUOTTA!<\/strong><br>Jani F\u00f6hr, sihteeri<\/p>\n","protected":false},"excerpt":{"rendered":"<p>J\u00e4sentiedote 1\/2024 Vuosikokouksen p\u00e4\u00e4t\u00f6ksi\u00e4 HYV\u00c4\u00c4 RIISTAVUOTTA!Jani F\u00f6hr, sihteeri<\/p>\n","protected":false},"author":1,"featured_media":0,"parent":0,"menu_order":0,"comment_status":"closed","ping_status":"closed","template":"","meta":{"footnotes":""},"_links":{"self":[{"href":"https:\/\/uudet.suojarvenera.fi\/index.php?rest_route=\/wp\/v2\/pages\/10"}],"collection":[{"href":"https:\/\/uudet.suojarvenera.fi\/index.php?rest_route=\/wp\/v2\/pages"}],"about":[{"href":"https:\/\/uudet.suojarvenera.fi\/index.php?rest_route=\/wp\/v2\/types\/page"}],"author":[{"embeddable":true,"href":"https:\/\/uudet.suojarvenera.fi\/index.php?rest_route=\/wp\/v2\/users\/1"}],"replies":[{"embeddable":true,"href":"https:\/\/uudet.suojarvenera.fi\/index.php?rest_route=%2Fwp%2Fv2%2Fcomments&post=10"}],"version-history":[{"count":6,"href":"https:\/\/uudet.suojarvenera.fi\/index.php?rest_route=\/wp\/v2\/pages\/10\/revisions"}],"predecessor-version":[{"id":119,"href":"https:\/\/uudet.suojarvenera.fi\/index.php?rest_route=\/wp\/v2\/pages\/10\/revisions\/119"}],"wp:attachment":[{"href":"https:\/\/uudet.suojarvenera.fi\/index.php?rest_route=%2Fwp%2Fv2%2Fmedia&parent=10"}],"curies":[{"name":"wp","href":"https:\/\/api.w.org\/{rel}","templated":true}]}}